) in base 15?
-2a24d6
1043332 (base 6) to base 2
1100110110001000
Convert 28b7b (base 13) to base 3.
10220011020
3322440 (base 6) to base 13
5aa1a
-221202100221 (base 3) to base 14
-d2a4b
What is 41722a (base 11) in base 10?
668436
What is -233102422 (base 5) in base 14?
-1da69d
-2b33a8 (base 12) to base 10
-731504
Convert 111120001000122 (base 3) to base 8.
33367564
Convert 1b4378 (base 12) to base 14.
c8736
Convert 365667 (base 8) to base 10.
125879
Convert 10842 (base 16) to base 15.
150a0
Convert -65b93 (base 16) to base 10.
-416659
Convert -15540021 (base 6) to base 14.
-107149
What is 3627530 (base 9) in base 12?
7aa576
What is 1000111001010101010010 (base 2) in base 13?
638597
Convert 124375 (base 10) to base 4.
132113113
15645140 (base 8) to base 2
1101110100101001100000
29062 (base 12) to base 11
39998
Convert -24b7b (base 14) to base 3.
-11120120001
What is 111120002022 (base 3) in base 6?
5415312
What is 363471 (base 8) in base 12?
60221
Convert -13246524 (base 8) to base 16.
-2d4d54
What is 2451245 (base 11) in base 4?
100100210021
What is 3144313 (base 5) in base 13?
1b214
-101110111000110 (base 2) to base 8
-56706
What is 311031333302 (base 4) in base 10?
13950962
Convert -156322103 (base 7) to base 15.
-e03d4b
What is 13100232111 (base 4) in base 9?
3521110
What is -94478b (base 12) in base 3?
-11101101210022
Convert 10324130 (base 6) to base 15.
60d69
What is -232254032 (base 6) in base 13?
-b81219
Convert -36ae5 (base 15) to base 2.
-101010100111111110
What is -420384 (base 12) in base 4?
-3331100110
What is -120001202102 (base 3) in base 6?
-10204445
-11111001110111110110 (base 2) to base 4
-3321313312
Convert 36b40 (base 14) to base 11.
9168a
What is -7392965 (base 10) in base 2?
-11100001100111011000101
Convert 291757 (base 12) to base 8.
2475763
What is 1010000010011100010 (base 2) in base 11?
205148
50002330 (base 6) to base 16
155dae
What is 62614 (base 9) in base 11?
29057
What is 31136234 (base 7) in base 3?
11220211101012
-21011032 (base 5) to base 6
-3411134
10101100001001110110011 (base 2) to base 10
5641139
-151453 (base 7) to base 6
-344021
133131113 (base 4) to base 2
11111011101010111
Convert -387076 (base 10) to base 12.
-168004
-110211010112211 (base 3) to base 8
-31772351
1010001011101111 (base 2) to base 11
2937a
41432201 (base 5) to base 16
53b11
100ca (base 15) to base 8
143177
110101111111100011 (base 2) to base 16
35fe3
Convert -30002100323 (base 4) to base 8.
-14022073
What is -548117 (base 12) in base 11?
-836644
What is -8277054 (base 9) in base 16?
-437461
-31e19b (base 16) to base 14
-611495
What is 4670a (base 13) in base 11?
886a7
-1032100103 (base 4) to base 5
-40224111
3aae2 (base 16) to base 13
8552a
What is -3530815 (base 9) in base 6?
-104534105
What is -12831843 (base 10) in base 6?
-1135010403
Convert -964179 (base 10) to base 9.
-1728540
What is 1b3f6 (base 16) in base 8?
331766
Convert 700436 (base 8) to base 11.
147604
What is -10434422 (base 5) in base 15?
-1c8c7
-226650 (base 8) to base 14
-20200
What is -2873b (base 15) in base 7?
-1050443
-6aacc4 (base 13) to base 2
-1001101011100000110110
Convert 10055 (base 10) to base 8.
23507
-696822 (base 11) to base 5
-240411203
24042040 (base 5) to base 14
5aa2c
-45941 (base 11) to base 15
-149d8
What is -1001010101111101100 (base 2) in base 16?
-4abec
-100001010011100010 (base 2) to base 13
-4a129
What is -210231020 (base 4) in base 14?
-3cb0c
-1110262 (base 7) to base 3
-20221221001
Convert -1002121100211 (base 3) to base 8.
-2162120
a9140 (base 11) to base 7
1230154
103032 (base 4) to base 3
1200120
What is -21211201 (base 3) in base 11?
-4327
What is -1523515 (base 9) in base 11?
-525a11
-1312313211 (base 5) to base 7
-36403035
Convert 400504102 (base 6) to base 5.
3212230441
Convert -11481184 (base 9) to base 6.
-320040204
-128834 (base 11) to base 8
-612402
Convert -122121 (base 9) to base 7.
-424645
Convert -1512067 (base 9) to base 14.
-17a302
What is -325383 (base 10) in base 16?
-4f707
What is 72f678 (base 16) in base 4?
130233121320
Convert 334562 (base 10) to base 8.
1215342
1432503203 (base 6) to base 5
14022101013
Convert 240113002 (base 5) to base 11.
68a940
Convert -798017 (base 13) to base 11.
-1693061
176c0e (base 15) to base 14
21837c
421b58 (base 14) to base 13
602585
-70476 (base 12) to base 5
-14131233
Convert -11021020210 (base 3) to base 10.
-84018
What is 2135273 (base 8) in base 5?
121301331
What is -323360 (base 7) in base 11?
-39450
Convert -243034020 (base 5) to base 6.
-40255414
What is 125411224 (base 6) in base 15?
347567
Convert -5b625 (base 12) to base 7.
-1023203
55135405 (base 6) to base 4
12101310131
-3b6a47 (base 16) to base 5
-1444100311
-30426122 (base 8) to base 12
-21a3382
Convert -24e45 (base 15) to base 8.
-346315
Convert -b2e9 (base 16) to base 14.
-12997
What is 25637 (base 14) in base 16?
16681
-b3643 (base 12) to base 6
-5004123
Convert 1001020100 (base 3) to base 11.
14512
What is -2102212122121 (base 3) in base 9?
-2385577
What is -124320014 (base 5) in base 3?
-1011111111022
1021300 (base 5) to base 6
211015
-1210001111111 (base 3) to base 8
-3467325
Convert 912a9 (base 11) to base 4.
200211111
Convert -20002000002 (base 3) to base 7.
-1005365
-113493 (base 14) to base 11
-36a899
What is a2421 (base 12) in base 10?
211417
3122 (base 4) to base 2
11011010
Convert 210202021120202 (base 3) to base 2.
101100000110001000011001
Convert 2042c1 (base 13) to base 9.
1365330
1110200100112 (base 3) to base 11
493875
What is -945cc (base 13) in base 6?
-5415230
Convert -7a4220 (base 12) to base 11.
-1116973
5a6a60 (base 13) to base 15
2c91ba
-304412000 (base 5) to base 6
-42424342
312525420 (base 6) to base 3
101021010120210
Convert 108747 (base 12) to base 10.
263719
Convert 2864673 (base 10) to base 14.
547d97
Convert -12439de (base 15) to base 16.
-c8428a
154614104 (base 7) to base 15
db8905
What is 9292a7 (base 11) in base 15?
1e6c04
Convert 101011011110100100110100 (base 2) to base 13.
2490953
Convert 6b5490 (base 12) to base 2.
110100110011101101100
Convert -601bb (base 13) to base 3.
-22201111212
What is -32b36 (base 13) in base 4?
-112131031
17550225 (base 8) to base 12
1466385
2ab623 (base 15) to base 5
1012013013
-23124000 (base 6) to base 8
-2554640
What is -133031133 (base 6) in base 10?
-2663553
What is 85448 (base 11) in base 13?
44780
-1011101101011011100 (base 2) to base 12
-166078
Convert 3740307 (base 8) to base 11.
645718
Convert 4cac39 (base 15) to base 8.
16026340
-102636 (base 7) to base 13
-8154
-22021010001010 (base 3) to base 9
-8233033
Convert -199503 (base 10) to base 15.
-3e1a3
What is 13333212100 (base 4) in base 11?
1201424
What is -5414304 (base 7) in base 13?
-1a119b
-150634 (base 9) to base 12
-45557
Convert -1d279 (base 14) to base 11.
-51047
What is 3144031432 (base 5) in base 2?
11001010001111100101101
What is 4994c (base 15) in base 16?
395dc
What is 243433 (base 6) in base 5?
1142144
What is -101001011101000101111 (base 2) in base 6?
-45040451
Convert -1011001001110011 (base 2) to base 15.
-d808
What is -100001000001011111100111 (base 2) in base 16?
-8417e7
What is -1016311 (base 9) in base 13?
-15cca9
What is 4614561 (base 7) in base 3?
1002020102210
Convert 207441 (base 10) to base 2.
110010101001010001
What is -89584 (base 14) in base 12?
-140940
Convert -5ccd1 (base 15) to base 11.
-192865
-201020012 (base 3) to base 16
-36c2
Convert 1110111000001101 (base 2) to base 9.
102532
What is -304244 (base 6) in base 3?
-1020022201
Convert -ca4b33 (base 13) to base 5.
-2204024230
Convert 12201220120111 (base 3) to base 11.
17a2916
1475576 (base 9) to base 10
817683
What is 232545033 (base 6) in base 2?
10000100010111101101101
Convert -339b9 (base 12) to base 3.
-10111102020
17da5d (base 14) to base 11
5274a3
Convert -4216112 (base 8) to base 4.
-10101301022
What is -280919 (base 11) in base 5?
-103042324
-14b416 (base 12) to base 5
-42221003
276727 (base 9) to base 11
105a69
-355047 (base 9) to base 16
-34288
23d53d (base 16) to base 4
20331110331
What is 1011110001010101101 (base 2) in base 8?
1361255
Convert -2470282 (base 9) to base 2.
-101001000011011011001
Convert -32420320 (base 5) to base 8.
-1041644
-1574371 (base 11) to base 2
-1010001111100010001100
What is